 and g.
13
Let t be (-2)/4 + 13/2. Suppose -3*r = -r + 2*u + 18, -4*u = -4*r - 12. Let z be t*(195/r)/(-5). What is the highest common divisor of 26 and z?
13
Let q be (-2)/(-1) + -2 + 20. Let d(v) = v**2 - 5*v - 6. Let b be d(6). Suppose b = -5*j - 0*j + 20. What is the highest common factor of q and j?
4
Let v(n) = -2*n. Let l be v(-6). Suppose 2*c - 1 - 5 = 0. What is the greatest common factor of c and l?
3
Let z be (-2)/6 - 266/(-6). Suppose -3*g + z = g. Let u(w) = 2*w + 8. Let x be u(7). What is the highest common divisor of g and x?
11
Suppose -2*b - b = 3*s - 51, -3*b = 5*s - 51. Let n be 1*((-2 - -160) + -5). What is the highest common divisor of n and b?
17
Let y(n) = 173*n - 5. Let j be y(1). What is the greatest common factor of 42 and j?
42
Suppose 5*k - 19 = 31. Let z be ((-5)/(-3))/(6/36). Calculate the greatest common factor of k and z.
10
Suppose -231 = -4*c + c. Let b(f) be the second derivative of f**4/12 - f**3/3 - 2*f**2 - 3*f. Let r be b(-3). Calculate the greatest common factor of c and r.
11
Let z = -7 - -13. Calculate the highest common divisor of 24 and z.
6
Let o = -4 + 8. Calculate the highest common factor of o and 16.
4
Let s(p) = p**2 - 6*p + 5. Let x be s(2). Let y be 9 + -5 + 13 + x. Let n be (-15)/(-2) + 1/(-2). What is the greatest common divisor of n and y?
7
Let k(c) = 2*c**2 + 9*c + 7. Let i be k(-8). Suppose g + i = 2*g. What is the greatest common divisor of 7 and g?
7
Let c(d) = 87*d**2 - d. Let n be c(-1). Let p(o) = o**2 + 8*o + 2. Let k be p(-9). Calculate the greatest common divisor of k and n.
11
Suppose i + 15 = 6*i. Let u be (-100)/(-8) - i/6. Calculate the highest common divisor of u and 3.
3
Suppose -2*f + 18 = f. Suppose -f = -2*j + 26. Calculate the greatest common divisor of j and 8.
8
Let w be 2/3 + (-55)/(-3). Suppose -b + 5*b = -3*m + 140, -b - 4*m = -22. What is the highest common factor of b and w?
19
Let a(n) = n**2 - n - 2. Let g be a(-2). Suppose 2*o + 68 = 5*y, 2*o - g*o = -y + 20. Let c be (3 - y)/3 - -5. What is the greatest common divisor of c and 2?
2
Let i = 52 - 7. Calculate the greatest common divisor of i and 5.
5
Suppose x - 80 = -5*a - 18, -4*a - 4*x + 56 = 0. What is the greatest common divisor of a and 18?
6
Let u be (20/(-6))/(2/(-6)). Let v be (-105)/(-25) - 1/5. Suppose 5*w - 55 = -o - v*o, -3*w + 3 = 0. Calculate the highest common factor of o and u.
10
Let c(o) = 9*o**2 + o. Let y be c(-1). Let i be 183/y - 2/(-16). Calculate the greatest common factor of i and 184.
23
Let m be (4/3)/2*3. Suppose 4*y - 117 = -z - 11, -5*y + 143 = -4*z. Suppose 73 = m*k - y. What is the highest common divisor of k and 20?
10
Let b(o) = 11*o - 9. Let k(u) = -16*u + 14. Let l(j) = -7*b(j) - 5*k(j). Let r be l(5). What is the highest common factor of r and 8?
8
Suppose -2*h - 6 = -3*h. Suppose 44 = 8*b - h*b. Calculate the greatest common divisor of 2 and b.
2
Suppose 0 = 3*a + c - 115, 0 = 2*a - a - 4*c - 60. What is the greatest common factor of a and 100?
20
Suppose 0*g + 14 = 2*g. Let n(r) = r - 4. Let u be n(6). Let t = 37 - u. What is the highest common factor of t and g?
7
Let d = 57 - 54. Let f be -1 - (1 + 1*-1). Let k be f/(-2 + d) + 45. What is the greatest common factor of 66 and k?
22
Let y(l) = -8*l + 8. Let u be y(-8). What is the highest common divisor of u and 18?
18
Let u be ((-1232)/10)/4*-5. Suppose 4*y - 92 = 3*i, -2*i + 4*i + 2*y = -38. Let q = -10 - i. Calculate the highest common factor of q and u.
14
Let s be (6 - 5) + -3 + 29 + 1. What is the greatest common divisor of 70 and s?
14
Suppose 2*x - 2 + 98 = 5*v, 5*v - 3*x - 99 = 0. Let p be (-3)/(v/7 + -3). What is the greatest common factor of p and 21?
7
Suppose 0 = -4*d - 6*h + 2*h + 532, -3*h = -2*d + 241. What is the greatest common divisor of 16 and d?
16
Let y(q) be the first derivative of 5*q**4/4 + q - 4. Let z = 0 + 1. Let t be y(z). What is the greatest common factor of t and 9?
3
Suppose -b - 3*b + 96 = 0. Calculate the highest common factor of 192 and b.
24
Let f be (16/(-12))/((-4)/6). Let k be (-16)/(-24)*3/2. Let r be k/(2 + (-6)/4). What is the highest common factor of f and r?
2
Suppose -2*i + 2 = -6. Suppose i*w = -5*v - 180, 2*v + 185 = -3*v - 5*w. Let b = -19 - v. What is the greatest common factor of 13 and b?
13
Let d be 6*3*12/9. Suppose 4*r - 47 = 17. Calculate the greatest common factor of d and r.
8
Let u be 8 + -3 + 0/(-3) + -1. Let t(f) = 5*f**2 + f. Let l be t(-1). Calculate the greatest common factor of l and u.
4
Let c(t) = -3*t + 2*t + 5*t - 2 - 3*t. Let y be c(4). Calculate the highest common divisor of y and 5.
1
Let o = 5 - 5. Suppose 13 = 2*c - u - 1, o = 2*c + 2*u - 26. Let n be (1 - 3)/(8/(-180)). What is the highest common factor of c and n?
9
Let a(z) be the second derivative of 43*z**5/20 + z**4/12 - z**3/6 + z**2/2 - 3*z. Let v be a(1). Calculate the highest common divisor of 4 and v.
4
Let i(k) = k**3 - 7*k**2 - 18*k + 12. Let o be i(9). What is the highest common divisor of 96 and o?
12
Suppose 394 = 5*r - 6*d + 3*d, -3 = d. Calculate the highest common divisor of 7 and r.
7
Let n = 168 - 77. Calculate the greatest common divisor of n and 26.
13
Suppose -3*a - 30 = -5*h, -3 = -2*h - 0*h + 3*a. Suppose 4*i + 191 = 3*p + 2*i, 311 = 5*p + 4*i. Calculate the highest common divisor of h and p.
9
Let p(s) = -12*s - 2. Let r be p(-3). Suppose 5*a = -3*t + t + 87, 4*a = 2*t - 114. Calculate the highest common divisor of r and t.
17
Let x(d) = 340*d + 6. Let i be x(-6). Let g be 2/(-4) - i/36. Calculate the greatest common divisor of g and 7.
7
Let g be 50/4*(-16)/(-10). What is the greatest common factor of 8 and g?
4
Let n(z) = -9*z + 10*z - 16*z + 6. Let f be n(-8). Let p(t) = t**3 - 5*t**2 + 3*t + 3. Let r be p(5). Calculate the greatest common divisor of r and f.
18
Suppose -5*o + 30 = -4*n, 5*o + 2*n + 2*n = 70. Calculate the highest common factor of o and 110.
10
Let d be -1 - (-3*6)/2. Let g(p) = -p**3 - 4*p**2 + 3*p - 2. Let s be g(-5). What is the highest common divisor of s and d?
8
Suppose 4*q - 3*v - 83 = 0, -4*q - 4*v + v = -101. Suppose 31 + q = 2*w. Calculate the greatest common divisor of 3 and w.
3
Let h(n) = 2*n + 31. Let u be h(-11). Calculate the highest common divisor of u and 45.
9
Suppose 0 = 3*l - 49 - 23. What is the highest common factor of 12 and l?
12
Let t(r) = -4*r - 18. Let c be t(-9). Calculate the highest common factor of 90 and c.
18
Let f(m) = 61*m + 11. Let b(g) = 92*g + 16. Let w(o) = -5*b(o) + 7*f(o). Let l be w(-3). Suppose 2*t - l = t. What is the highest common divisor of 12 and t?
12
Suppose 0 = -4*w - 2*j + 222, -6*j = 5*w - j - 280. Calculate the greatest common divisor of w and 5.
5
Let m be 35/4 + 2/8. Let w(k) = -5*k + 6. Let r be w(-6). What is the greatest common factor of r and m?
9
Suppose 3*q + 27 = 69. Let m be (-2)/(-8) - q/(-8). Let u(o) = o**3 + o**2 + o - 1. Let x be u(m). Calculate the highest common divisor of x and 117.
13
Suppose -3*z + 5*z = 6, -3*t = 2*z - 12. Calculate the highest common factor of t and 1.
1
Let c be 3/((-3)/11) + -3. Let h be 2/7 + (-136)/c. What is the greatest common factor of 30 and h?
10
Suppose 3 = 4*a - 1. Let y be -1*(2 - a)*1. Let d(c) = -76*c - 1. Let q be d(y). Calculate the greatest common factor of q and 30.
15
Let u be 0 + 0 + 3 + -1. Let m be 5/u - 2/4. Calculate the highest common divisor of 12 and m.
2
Let x be -1*4*-9 + 0. Let c be ((-165)/(-4))/((-2)/16). Let v be (-4)/18 - c/27. What is the greatest common factor of x and v?
12
Let a = -10 + 19. Calculate the highest common factor of 9 and a.
9
Let k be 48/(-21) + 4/14. Let u be (1/(-2))/(k/528). Suppose -11 = -3*l + 25. Calculate the highest common divisor of u and l.
12
Let b = 20 - 16. Suppose 2*q = 3*q - 3. Suppose 4*c - 4 = -4*m - 0, 0 = 3*m + b*c - q. What is the greatest common divisor of 4 and m?
1
Suppose 5*q - 470 = 5*w, -2*w = 2*w - q + 361. Let g be (-1 - w) + 0/(-7). Calculate the greatest common divisor of g and 22.
22
Suppose 2*f - 2*c + c = 68, 4*f + c - 136 = 0. Calculate the highest common factor of 85 and f.
17
Suppose -9*j + 8*j + 72 = 0. Calculate the greatest common factor of j and 8.
8
Let k = 3 + 1. Suppose k*c = -0 + 24. What is the highest common divisor of 6 and c?
6
Let p(i) = i**3 + 4*i**2 + 2*